False
Is 999299 a prime number?
False
Is 2266347 composite?
True
Is 3153823 prime?
False
Is 16010482 prime?
False
Is 166812181 a composite number?
False
Is 207176609 a prime number?
False
Is 94777849 prime?
True
Is 17367307 a composite number?
False
Is 2887537 prime?
True
Is 232042277 composite?
False
Is 12824673 a prime number?
False
Is 1323911 composite?
True
Is 5988461 prime?
True
Is 5335951 a composite number?
True
Is 32118577 prime?
True
Is 13541723 prime?
False
Is 652400969 a composite number?
True
Is 3765887 a prime number?
False
Is 14441227 a prime number?
True
Is 69234023 composite?
True
Is 86978299 a prime number?
True
Is 2033159 a prime number?
True
Is 18928115 a prime number?
False
Is 148832491 a prime number?
False
Is 1363837 a prime number?
True
Is 4146881 a prime number?
True
Is 31859869 composite?
False
Is 275831139 a prime number?
False
Is 30170185 prime?
False
Is 628557 a composite number?
True
Is 176924681 a composite number?
False
Is 172307 prime?
True
Is 477914743 a prime number?
True
Is 77781589 composite?
False
Is 4067561 a composite number?
False
Is 8409031 a composite number?
True
Is 5417743 a composite number?
False
Is 6100111 composite?
False
Is 137830937 prime?
True
Is 10153699 prime?
True
Is 175881799 a prime number?
True
Is 466097 composite?
True
Is 445363 prime?
True
Is 2375917 a composite number?
False
Is 10441461 a composite number?
True
Is 22619411 a prime number?
False
Is 621317 a composite number?
False
Is 4361359 a composite number?
True
Is 7118333 prime?
True
Is 488437793 a composite number?
True
Is 298824455 prime?
False
Is 3676487 a composite number?
True
Is 4095359 a prime number?
True
Is 1700099 composite?
False
Is 2803637 a prime number?
True
Is 49403 a prime number?
False
Is 1864011 prime?
False
Is 19438369 prime?
False
Is 26169991 prime?
True
Is 5048231 composite?
False
Is 17635999 composite?
False
Is 10673081 composite?
True
Is 6081319 a composite number?
False
Is 10719959 prime?
False
Is 1286807 composite?
False
Is 163718647 composite?
False
Is 30473 a composite number?
True
Is 54695567 prime?
True
Is 2035457 composite?
True
Is 1689461 composite?
True
Is 310284139 a prime number?
False
Is 3365981 a composite number?
True
Is 11560669 a prime number?
False
Is 2079037 a prime number?
False
Is 112566679 prime?
True
Is 20569363 a prime number?
False
Is 383556153 composite?
True
Is 8785871 a composite number?
False
Is 1123069 a composite number?
True
Is 424898743 a composite number?
False
Is 40623657 composite?
True
Is 29033129 prime?
True
Is 4080331 a composite number?
False
Is 4015367 a composite number?
False
Is 6572453 prime?
True
Is 57943697 a composite number?
True
Is 2327218 prime?
False
Is 22923619 a composite number?
True
Is 1369103 composite?
False
Is 7460419 a composite number?
False
Is 6763013 a prime number?
True
Is 6455047 a prime number?
True
Is 29864083 a composite number?
False
Is 642954617 prime?
True
Is 198433985 a prime number?
False
Is 953377 prime?
False
Is 187739441 prime?
False
Is 1320859 a prime number?
True
Is 35555393 a composite number?
False
Is 29913839 prime?
True
Is 1589123 a composite number?
False
Is 14527633 a prime number?
False
Is 289280917 a prime number?
False
Is 9890407 a prime number?
True
Is 260685533 prime?
False
Is 3598789 composite?
False
Is 101777131 a prime number?
True
Is 39637 prime?
False
Is 18544655 a prime number?
False
Is 159197173 composite?
True
Is 965039 prime?
False
Is 6456041 composite?
False
Is 73805297 composite?
True
Is 305562293 composite?
True
Is 40396481 a composite number?
True
Is 1322506 a prime number?
False
Is 19192198 a composite number?
True
Is 63018679 prime?
True
Is 368272517 composite?
True
Is 220306631 composite?
False
Is 407397479 a prime number?
False
Is 416761 a composite number?
False
Is 1518427 prime?
True
Is 2603981 a prime number?
True
Is 31793911 prime?
True
Is 243449 a prime number?
False
Is 551283701 composite?
True
Is 1143943 a prime number?
True
Is 9550643 a composite number?
True
Is 25182919 prime?
False
Is 6793151 a composite number?
True
Is 1290067 prime?
False
Is 887017 prime?
True
Is 5609663 prime?
True
Is 119161135 a prime number?
False
Is 13940447 prime?
True
Is 6668939 composite?
False
Is 2502163 prime?
True
Is 1370813 composite?
True
Is 16797671 a composite number?
True
Is 306001 a composite number?
True
Is 902428757 a prime number?
False
Is 3162557 a prime number?
True
Is 6597614 a composite number?
True
Is 14573035 a composite number?
True
Is 375365069 a prime number?
True
Is 415526851 prime?
True
Is 180444827 prime?
True
Is 2452265 prime?
False
Is 81951283 composite?
True
Is 813336497 composite?
False
Is 8699273 prime?
False
Is 922897 composite?
False
Is 1918354739 a composite number?
True
Is 115109611 a prime number?
True
Is 9900979 composite?
True
Is 1194631 a prime number?
True
Is 41723119 a composite number?
True
Is 2405203 prime?
True
Is 409693631 a composite number?
True
Is 3957721 a prime number?
False
Is 94414081 composite?
True
Is 110551911 a prime number?
False
Is 92940797 a prime number?
True
Is 1234342693 a composite number?
False
Is 796174 prime?
False
Is 1581433 prime?
False
Is 17829797 prime?
True
Is 5580833 a composite number?
False
Is 734911 prime?
True
Is 48611 a prime number?
True
Is 143605267 a composite number?
True
Is 34724711 prime?
False
Is 294882587 prime?
True
Is 133698527 a prime number?
True
Is 178884155 a prime number?
False
Is 75748543 prime?
False
Is 1618957 prime?
True
Is 15123839 prime?
False
Is 1795967 prime?
True
Is 7094037 prime?
False
Is 95177 a composite number?
False
Is 42552893 a composite number?
False
Is 7977361 composite?
True
Is 3652487 a composite number?
False
Is 22427287 prime?
False
Is 270453593 composite?
False
Is 103769 composite?
False
Is 4439633 composite?
True
Is 12496147 a composite number?
False
Is 177874507 composite?
False
Is 181086859 composite?
False
Is 282610111 a prime number?
False
Is 948487 a composite number?
False
Is 262608202 a composite number?
True
Is 14762901 a composite number?
True
Is 87760087 composite?
False
Is 270000871 a prime number?
False
Is 12026767 prime?
False
Is 469331 a prime number?
True
Is 47234843 prime?
True
Is 2315393 a composite number?
True
Is 948401 a prime number?
True
Is 149591353 prime?
False
Is 106160099 a prime number?
True
Is 45211567 prime?
True
Is 14482333 a composite number?
False
Is 127340637 composite?
True
Is 26449 prime?
True
Is 7875377 a composite number?
False
Is 47329459 prime?
True
Is 31903115 a prime number?
False
Is 27862613 composite?
False
Is 60427 composite?
False
Is 598698371 prime?
True
Is 23069737 a prime number?
False
Is 1205143123 a prime number?
False
Is 1616077 composite?
False
Is 146448031 a composite number?
False
Is 133555 prime?
False
Is 73453189 a prime number?
True
Is 238793 a prime number?
False
Is 2736571 prime?
True
Is 97226095 a prime number?
False
Is 120182861 composite?
False
Is 67021 a composite number?
False
Is 236069557 prime?
False
Is 8037641 prime?
True
Is 5769541 a prime number?
True
Is 2754743 composite?
False
Is 32876681 composite?
False
Is 776747 a composite number?
True
Is 52803493 a prime number?
True
Is 1803679 prime?
True
Is 29589773 a composite number?
True
Is 92750431 a composite number?
True
Is 14270243 composite?
True
Is 2786321 composite?
False
Is 5676017 composite?
False
Is 3105577 a composite number?
True
Is 17674073 a prime number?
True
Is 641561 prime?
False
Is 70882033 a composite number?
True
Is 7279037 prime?
True
Is 72617663 composite?
True
Is 2897387 prime?
False
Is 9050131 a composite number?
True
Is 1345807 a prime number?
False
Is 92439977 a composite number?
True
Is 6192545 prime?
False
Is 12462869 prime?
True
Is 2772869 a prime number?
False
Is 10156831 composite?
True
Is 491417357 prime?
True
Is 32566393 composite?
False
Is 39994667 composite?
False
Is 4873153 prime?
False
Is 5190749 composite?
True
Is 1004173 prime?
False
Is 137888743 a composite number?
True
Is 4613621 a prime number?
False
Is 17782849 prime?
False
Is 9503713 a composite number?
True
Is 27083689 a composite number?
True
Is 1077665747 prime?
False
Is 19855469 prime?
False
Is 948419 composite?
True
Is 3194005 prime?
False
Is 185030123 a prime number?
True
Is 16593439 a prime 